 = 2*o, -q - 4*o - 62 = -628. What are the prime factors of q?
2, 7, 41
Let n = 2 + -2. Suppose 3*d + 1 - 7 = n. Suppose 0 = -3*b + 3*r + 36, d*r = 2*b + b - 32. List the prime factors of b.
2
Suppose 74104 = 32*h - 15368. What are the prime factors of h?
2, 3, 233
Let n = 782 + -450. Suppose 4*a - 4*k - 178 = 494, 2*a + 2*k - n = 0. List the prime factors of a.
167
Suppose 4 = -0*n + 2*n, 5*n = 4*h - 6. What are the prime factors of (-14)/h*44/(-77)?
2
Suppose -2*y = -0*y - 6. Suppose t + 0*t + 4*u = 22, 2*t - 22 = y*u. Suppose 9*m = t*m - 35. What are the prime factors of m?
7
Suppose -2*d - 2 = 0, 2*g + 3*d = g + 2. Suppose -6*w = -w + 3*b + 56, -g*w - 60 = 5*b. Let f = w - -21. List the prime factors of f.
11
Let l = 56 - 11. Suppose 0 = 11*i - 8*i - l. What are the prime factors of i?
3, 5
Let o be (-198)/15*(34 + -9). Let j = o - -522. What are the prime factors of j?
2, 3
Let a(p) = 310*p**2 - 2*p - 3. What are the prime factors of a(-1)?
3, 103
Suppose 1201*a + 10260 = 1210*a. List the prime factors of a.
2, 3, 5, 19
Suppose 0*r + 10*r - 6950 = 0. What are the prime factors of r?
5, 139
Suppose -z + h + h + 31 = 0, -3*z + 2*h = -97. Suppose q - 3*t - 17 = 0, 0*q + 5*t = 4*q - z. What are the prime factors of 5*2 + 6/q?
13
Suppose 19990 - 237646 = -72*y. List the prime factors of y.
3023
Let c(k) = -3 + 7*k - 8*k - 13*k. Suppose -2*g - 4*x = -8, -x = 4*g + 6 - 1. What are the prime factors of c(g)?
5
Let n be (-2 + 1)/((-5)/25). Suppose 4*g - n*g = 2, 222 = 4*u - 5*g. What are the prime factors of u?
53
Let m be ((-66)/55)/(2/(-5)). What are the prime factors of (2 - m)*1*-97?
97
Let z be 30 + 1/(-1) + -1. What are the prime factors of (-2)/7 - (-484)/z?
17
Let t = -35 - -67. Suppose -t*m = -30*m - 466. What are the prime factors of m?
233
Suppose 3*o = 2*y - 6*y + 460, 485 = 3*o - y. List the prime factors of o.
2, 5
Let f(v) = 4*v - 37. Let g be f(10). Suppose 3*w = 3*d - 108 - 219, -g*w = 3*d - 339. What are the prime factors of d?
3, 37
Suppose 4*y - 885 = y. Suppose 0*k = -5*p - k + 345, -3*k - y = -4*p. What are the prime factors of p?
2, 5, 7
What are the prime factors of (-1765)/(-2) + 2 - (-102)/68?
2, 443
What are the prime factors of (12 - 3 - -2)/(1/233)?
11, 233
Let d(b) = -b**3 + 14*b**2 - 13*b + 3. Let r be 3/((-3)/13)*-1. Let x be d(r). What are the prime factors of (1 - x/6)*10?
5
Let t(v) = 4*v - 6. Let w be t(6). Let g = w + -13. Suppose 3*z - 5*q - 19 = 0, -g*q - 4 = 2*z - 0. List the prime factors of z.
3
Let i = 1642 + -947. What are the prime factors of i?
5, 139
Let w be 12/(1 + 3) - -1. Let k be w/14 - (-120)/(-28). Let i(q) = -q**2 - 8*q - 1. What are the prime factors of i(k)?
3, 5
Suppose 0 = 13*j - 11*j - 5*i - 290, 0 = 5*j - 5*i - 710. What are the prime factors of j?
2, 5, 7
Suppose 3*f - 2*g + 1579 = 0, 3*f + f + 2096 = -2*g. What are the prime factors of (24/15)/((-10)/f)?
2, 3, 7
Let a(d) = d**3 - d**2 - 23*d + 41. What are the prime factors of a(7)?
2, 3, 29
Let d(c) = 11*c + 40. Let j be d(9). Let q = j - 78. List the prime factors of q.
61
Suppose 12*d = -125 + 365. Suppose 3*x - 2*s = 701, 4*s + 0*s - d = 0. List the prime factors of x.
3, 79
Suppose -2*c + 0*c = 10, 181 = 4*i - 5*c. List the prime factors of (i/(-6))/((-1)/18).
3, 13
Suppose 8*s - 4647 = -1087. What are the prime factors of s?
5, 89
Let q(t) = -310*t + 705. List the prime factors of q(-8).
5, 7, 13
Suppose -2*v + 3*v + 1196 = 4*c, c - v = 302. List the prime factors of c.
2, 149
Suppose 2*k + 3*i + 2*i = -12, 5*i = -20. Suppose 2*w + 8 = -k*t, -w + 32 = 4*w - 3*t. List the prime factors of w.
2
Let j = 1902 + -1211. What are the prime factors of j?
691
Let j be 3/5 + (-54)/(-10). Suppose j*o - 160 = o. What are the prime factors of o?
2
Let w = 46 - 70. Let x be 6/(-4)*(-112)/w. Let d = x + 11. List the prime factors of d.
2
Suppose 0 = 2*t - 4*t - h + 5957, -2*t + 4*h + 5972 = 0. What are the prime factors of t?
2, 5, 149
Let l(x) be the third derivative of 23*x**5/15 - x**4/24 - x**3/3 - 4*x**2. What are the prime factors of l(-1)?
7, 13
Let v = 31 - -4. Suppose 0 = 15*o + v - 185. List the prime factors of o.
2, 5
Let c = -39 + 43. Suppose g + 4*m = 3*g - 12, 0 = 4*m + c. What are the prime factors of g?
2
Let m be -1*3 - 6/(30/25). Let u(i) = -10*i - 27. List the prime factors of u(m).
53
Let j(d) = 11*d**3 + 3*d - 2. Let m be j(1). Let y = m + 41. List the prime factors of y.
53
Let d(g) = 2*g**3 - 3*g**2 + 2*g - 58. List the prime factors of d(8).
2, 5, 79
Let i(h) = -2*h + 1. Let q be i(-4). Suppose 4*l = q - 1. What are the prime factors of ((-36)/(-3))/(2/l)?
2, 3
Let i = -384 + 962. List the prime factors of i.
2, 17
Let l be ((-5)/(-6))/((-15)/(-90)). Suppose 0 = l*z + 158 - 443. What are the prime factors of z?
3, 19
Let f = -270 - -996. List the prime factors of f.
2, 3, 11
Suppose 0 = 4*v - 6*v + 4. Let t = v - -10. Let u = 22 - t. List the prime factors of u.
2, 5
Suppose 2*d - 7 = 3*d. Let t(i) = -i + 1. Let r be t(-6). What are the prime factors of 9*(-2)/r*d?
2, 3
Let z = 3348 - 2271. List the prime factors of z.
3, 359
Suppose -8*l + 7*l + 650 = 3*c, -5*l = 3*c - 670. What are the prime factors of c?
5, 43
Let n = -15 - -10. Let x(p) = p**2 - 2*p + 5. Let g(u) = u**2 + u + 1. Let b(i) = 2*g(i) - x(i). What are the prime factors of b(n)?
2
Let d be 1/(-2 - (-52)/24). Let i(h) = 42*h + 29. What are the prime factors of i(d)?
281
Let l(s) = s**3 - 14*s**2 - 16*s + 19. Let r be l(15). Suppose -k = r*d - 261, 3*k - 2*k - 5 = 0. What are the prime factors of d?
2
Let o = -2 - -7. Suppose o*g - 204 = -g. Let d = g - 7. What are the prime factors of d?
3
Suppose 5*w + 3*h - 15 = 0, -10 = 2*w - 4*w - 2*h. Let j be w + (-7)/((-28)/12). What are the prime factors of 34/j + 4/(-12)?
11
Let c = 7 - 226. Let h = -144 - c. Suppose y - 2*d - 37 = -7, d - h = -2*y. List the prime factors of y.
2, 3
Let a(g) = -g**2 + 2*g + 8. Let s(w) = -3*w**2 + 6*w + 24. Let t(v) = 11*a(v) - 4*s(v). Let k be 1 - (2 - 0) - 5. List the prime factors of t(k).
2, 5
Suppose 16*l = 9*l + 3164. Let q = 647 - l. List the prime factors of q.
3, 5, 13
Let k(p) = p**3 + 4*p**2 + p + 4. Let f be k(-4). Suppose -4*w - 2*b + 24 = f, w - 2 = -5*b + 4. Suppose -3*o - w = -15. List the prime factors of o.
3
Let u(m) = 2*m + 11. Suppose -2*f = -5*c + 4, -4*c + 2 = -3*c - f. What are the prime factors of u(c)?
11
Let y be ((-8)/28)/(-1)*7. Suppose y*p - n = 2, 3*p - 2*n = -1 + 3. Suppose 4*d - 2*d - p*t = 44, 5*d - 110 = -2*t. What are the prime factors of d?
2, 11
Let t be 850/12 + (-1)/(-6). Suppose t = 5*n + 11. Suppose 3*m + n = 0, -3*m = q - 0 - 6. What are the prime factors of q?
2, 3
Let g(v) = 116*v**2 - 111*v - 639. What are the prime factors of g(-6)?
3, 467
Suppose -585 = 3*m - 6*m. Suppose -10*u + 13*u - m = 0. List the prime factors of u.
5, 13
Let b(n) = 4*n + 22. What are the prime factors of b(10)?
2, 31
Suppose 2*q - 4*q + 4 = 0. Let y be (-24)/(-11) - 28/154. Suppose -q*b - 5*r + 9 = 0, -r = -3*b + y*b + 15. What are the prime factors of b?
2, 3
Suppose 3*y - 356 = -2*i, -y + 161 = 4*i + 39. Let v = y + -58. What are the prime factors of v?
2, 3, 5
Suppose -j + 1617 = 2*g - 4572, 5*g = 3*j - 18545. What are the prime factors of j?
5, 1237
Suppose 5*k + 0*q - 2*q = 16, -4 = -3*k + 4*q. Let l = k - -69. Suppose -2*u + 3*z + l = 7, -5*u + 165 = -4*z. List the prime factors of u.
3, 11
Let j(s) = s + 22. Let r be j(-19). Let z = 1 + r. Let l(o) = 5*o**2 - 7*o + 4. List the prime factors of l(z).
2, 7
Suppose 3*b - 8 = -2, 5*c + 11 = -2*b. Let u(r) = 7*r**2 + 4*r + 1. Let q be u(c). Suppose 5*s - s = q. List the prime factors of s.
13
Suppose 8*w = 6*w + 120. Suppose 0*y = -5*y + w. List the prime factors of y.
2, 3
Suppose 0 = 4*a + r + 1 - 12, 3*a - 5*r - 37 = 0. Suppose -a*n + n = -4*m + 522, -4*m = -n - 518. List the prime factors of m.
3, 43
Let v be (0 - -1) + (-1 - (2 + -5)). Suppose 0*l = 3*l - 3, -l + 9 = 2*h. Suppose v*m - 33 = -h*j, -3*m + 0 = j + 3. List the prime factors of j.
2, 3
Suppose -19 - 31 = -10*n. Suppose -2*r + 4*r - 3*h + 2 = 0, -r = n*h - 25. List the prime factors of r.
5
Let m(y) = y**3 - 22*y**2 + 11*y + 107. What are the prime factors of m(22)?
349
Let v be ((-85)/(-34))/((-2)/(-4)). Suppose v = -5*i + 255. What are